 is the remainder when 323112 is divided by 65?
62
Calculate the remainder when 630 is divided by 64.
54
What is the remainder when 5015 is divided by 5006?
9
What is the remainder when 21963 is divided by 948?
159
What is the remainder when 58282 is divided by 57?
28
What is the remainder when 14784 is divided by 435?
429
Calculate the remainder when 3615 is divided by 1258.
1099
What is the remainder when 12451 is divided by 207?
31
Calculate the remainder when 33269 is divided by 37.
6
What is the remainder when 9382 is divided by 990?
472
What is the remainder when 11226 is divided by 3648?
282
What is the remainder when 10457 is divided by 3266?
659
Calculate the remainder when 12384 is divided by 4124.
12
Calculate the remainder when 2751438 is divided by 10.
8
Calculate the remainder when 5272 is divided by 532.
484
What is the remainder when 14422 is divided by 133?
58
Calculate the remainder when 5061 is divided by 2495.
71
What is the remainder when 33824 is divided by 282?
266
What is the remainder when 100352 is divided by 275?
252
Calculate the remainder when 133038 is divided by 14.
10
What is the remainder when 66403 is divided by 393?
379
Calculate the remainder when 125480 is divided by 368.
360
What is the remainder when 1488 is divided by 1325?
163
What is the remainder when 14217 is divided by 15?
12
What is the remainder when 2820 is divided by 1395?
30
Calculate the remainder when 6940 is divided by 954.
262
Calculate the remainder when 12859 is divided by 443.
12
What is the remainder when 185333 is divided by 3782?
15
What is the remainder when 6951 is divided by 521?
178
Calculate the remainder when 23041 is divided by 698.
7
Calculate the remainder when 38054 is divided by 38051.
3
Calculate the remainder when 12631 is divided by 1358.
409
What is the remainder when 91881 is divided by 391?
387
Calculate the remainder when 106730 is divided by 313.
310
What is the remainder when 47757 is divided by 18?
3
What is the remainder when 46712 is divided by 41?
13
What is the remainder when 182617 is divided by 103?
101
What is the remainder when 5491 is divided by 5480?
11
What is the remainder when 48880 is divided by 48874?
6
Calculate the remainder when 55185 is divided by 378.
375
What is the remainder when 43181 is divided by 14379?
44
Calculate the remainder when 5348 is divided by 171.
47
What is the remainder when 517426 is divided by 118?
114
Calculate the remainder when 384447 is divided by 22.
19
Calculate the remainder when 155971 is divided by 12.
7
Calculate the remainder when 279 is divided by 16.
7
Calculate the remainder when 9415 is divided by 1882.
5
What is the remainder when 50259 is divided by 1143?
1110
What is the remainder when 5011 is divided by 28?
27
Calculate the remainder when 163379 is divided by 199.
0
What is the remainder when 102457 is divided by 46?
15
What is the remainder when 230907 is divided by 76969?
0
What is the remainder when 2832 is divided by 71?
63
Calculate the remainder when 6983 is divided by 165.
53
What is the remainder when 1973 is divided by 1934?
39
What is the remainder when 18667 is divided by 37?
19
Calculate the remainder when 2933 is divided by 486.
17
Calculate the remainder when 10751 is divided by 24.
23
Calculate the remainder when 15297 is divided by 5095.
12
What is the remainder when 16974 is divided by 5657?
3
Calculate the remainder when 114372 is divided by 22873.
7
Calculate the remainder when 3621 is divided by 181.
1
Calculate the remainder when 20542 is divided by 978.
4
Calculate the remainder when 692 is divided by 51.
29
Calculate the remainder when 42842 is divided by 14181.
299
Calculate the remainder when 3713 is divided by 161.
10
Calculate the remainder when 7374 is divided by 2322.
408
What is the remainder when 8704 is divided by 170?
34
Calculate the remainder when 17539 is divided by 81.
43
What is the remainder when 714 is divided by 355?
4
Calculate the remainder when 17675 is divided by 2523.
14
What is the remainder when 50992 is divided by 8493?
34
Calculate the remainder when 11712 is divided by 249.
9
What is the remainder when 12321 is divided by 2697?
1533
Calculate the remainder when 548 is divided by 124.
52
Calculate the remainder when 82599 is divided by 6.
3
What is the remainder when 5938 is divided by 128?
50
Calculate the remainder when 13265 is divided by 265.
15
What is the remainder when 84649 is divided by 35?
19
Calculate the remainder when 1731 is divided by 51.
48
What is the remainder when 8275 is divided by 1024?
83
What is the remainder when 4514 is divided by 1090?
154
What is the remainder when 3150 is divided by 989?
183
What is the remainder when 156600 is divided by 17?
13
What is the remainder when 12094 is divided by 4029?
7
What is the remainder when 2828 is divided by 465?
38
What is the remainder when 12369 is divided by 621?
570
Calculate the remainder when 233772 is divided by 126.
42
What is the remainder when 27931 is divided by 1429?
780
What is the remainder when 5861 is divided by 281?
241
What is the remainder when 2733 is divided by 19?
16
What is the remainder when 6530 is divided by 517?
326
What is the remainder when 70264 is divided by 47?
46
What is the remainder when 1076 is divided by 324?
104
Calculate the remainder when 31382 is divided by 33.
32
Calculate the remainder when 546386 is divided by 30.
26
Calculate the remainder when 39977 is divided by 59.
34
What is the remainder when 28663 is divided by 14296?
71
What is the remainder when 15824 is divided by 2633?
26
What is the remainder when 14008 is divided by 2788?
68
What is the remainder when 15240 is divided by 130?
30
Calculate the remainder when 158140 is divided by 147.
115
What is the remainder when 131197 is divided by 410?
407
Calculate the remainder when 567062 is divided by 5846.
0
Calculate the remainder when 1156517 is divided by 50.
17
What is the remainder when 31446 is divided by 79?
4
Calculate the remainder when 1186 is divided by 281.
62
What is the remainder when 27640 is divided by 90?
10
What is the remainder when 4498 is divided by 35?
18
Calculate the remainder when 34117 is divided by 176.
149
Calculate the remainder when 144738 is divided by 161.
160
Calculate the remainder when 1603 is divided by 80.
3
Calculate the remainder when 669056 is divided by 762.
20
What is the remainder when 1417 is divided by 372?
301
What is the remainder when 86053 is divided by 2390?
13
What is the remainder when 1516521 is divided by 35?
6
What is the remainder when 151098 is divided by 151065?
33
What is the remainder when 18863 is divided by 419?
8
What is the remainder when 143346 is divided by 626?
618
What is the remainder when 115179 is divided by 11511?
69
What is the remainder when 4980 is divided by 798?
192
Calculate the remainder when 2858 is divided by 31.
6
Calculate the remainder when 65714 is divided by 28.
26
Calculate the remainder when 30286 is divided by 67.
2
Calculate the remainder when 3296 is divided by 1298.
700
Calculate the remainder when 12579 is divided by 5573.
1433
Calculate the remainder when 20733 is divided by 24.
21
What is the remainder when 910571 is divided by 171?
167
Calculate the remainder when 58365 is divided by 3242.
9
What is the remainder when 3167 is divided by 394?
15
Calculate the remainder when 206397 is divided by 378.
9
What is the remainder when 3302 is divided by 14?
12
Calculate the remainder when 35900 is divided by 29.
27
Calculate the remainder when 1332 is divided by 735.
597
Calculate the remainder when 40348 is divided by 171.
163
What is the remainder when 2789 is divided by 85?
69
What is the remainder when 1145 is divided by 276?
41
What is the remainder when 289021 is divided by 128?
125
Calculate the remainder when 12037 is divided by 102.
1
Calculate the remainder when 428173 is divided by 55.
53
Calculate the remainder when 23055 is divided by 11441.
173
What is the remainder when 42649 is divided by 555?
469
What is the remainder when 5592 is divided by 113?
55
Calculate the remainder when 483195 is divided by 403.
401
What is the remainder when 22795 is divided by 109?
14
What is the remainder when 1831 is divided by 183?
1
Calculate the remainder 